tors of 13095678?
2, 3, 17, 128389
What are the prime factors of 935399?
935399
List the prime factors of 2463265.
5, 7, 70379
What are the prime factors of 2132740?
2, 5, 106637
List the prime factors of 7862819.
7862819
What are the prime factors of 4010172?
2, 3, 131, 2551
What are the prime factors of 344939?
7, 49277
What are the prime factors of 1004788?
2, 251197
What are the prime factors of 631493?
103, 6131
What are the prime factors of 12583045?
5, 431, 5839
What are the prime factors of 2050368?
2, 3, 59, 181
List the prime factors of 188248.
2, 23531
What are the prime factors of 5425770?
2, 3, 5, 7, 3691
List the prime factors of 73437.
3, 7, 13, 269
What are the prime factors of 3850700?
2, 5, 7, 5501
What are the prime factors of 764197?
7, 109171
What are the prime factors of 11073056?
2, 293, 1181
What are the prime factors of 16559?
29, 571
What are the prime factors of 312277?
7, 6373
List the prime factors of 1540417.
941, 1637
List the prime factors of 226921.
37, 6133
List the prime factors of 8969891.
7, 183059
What are the prime factors of 1843663?
31, 59473
List the prime factors of 4834346.
2, 11, 37, 5939
List the prime factors of 4435800.
2, 3, 5, 7393
List the prime factors of 252252.
2, 3, 7, 11, 13
List the prime factors of 20033415.
3, 5, 445187
List the prime factors of 3770639.
233, 16183
List the prime factors of 564701.
564701
What are the prime factors of 17292413?
19, 910127
What are the prime factors of 108008?
2, 23, 587
What are the prime factors of 97035?
3, 5, 6469
List the prime factors of 459538.
2, 229769
What are the prime factors of 44917591?
41, 1095551
What are the prime factors of 799664?
2, 23, 41, 53
List the prime factors of 23767411.
17, 1398083
List the prime factors of 216015.
3, 5, 14401
List the prime factors of 15110286.
2, 3, 43, 58567
List the prime factors of 1135121.
13, 87317
List the prime factors of 7845511.
31, 253081
List the prime factors of 226414.
2, 79, 1433
What are the prime factors of 1180116?
2, 3, 7, 223
What are the prime factors of 28642227?
3, 29, 401, 821
List the prime factors of 606422.
2, 31, 9781
What are the prime factors of 2319887?
2319887
What are the prime factors of 27424?
2, 857
List the prime factors of 29932.
2, 7, 1069
List the prime factors of 107612.
2, 26903
What are the prime factors of 665961?
3, 221987
What are the prime factors of 457218?
2, 3, 8467
List the prime factors of 2581229.
7, 17, 109, 199
What are the prime factors of 1339470?
2, 3, 5, 11, 41
What are the prime factors of 373317?
3, 7, 29, 613
List the prime factors of 6244979.
13, 480383
What are the prime factors of 5660118?
2, 3, 34939
What are the prime factors of 162477?
3, 7, 2579
List the prime factors of 15846432.
2, 3, 7, 23581
What are the prime factors of 16420051?
16420051
List the prime factors of 1579203.
3, 23, 2543
What are the prime factors of 593496?
2, 3, 8243
What are the prime factors of 8031237?
3, 151, 17729
List the prime factors of 8288270.
2, 5, 643, 1289
List the prime factors of 6129516.
2, 3, 510793
List the prime factors of 3444926.
2, 1722463
List the prime factors of 6648040.
2, 5, 7, 23743
What are the prime factors of 371449?
13, 28573
What are the prime factors of 34540?
2, 5, 11, 157
List the prime factors of 13007836.
2, 409, 7951
List the prime factors of 9197018.
2, 31, 148339
What are the prime factors of 76497?
3, 43, 593
What are the prime factors of 1423558?
2, 43, 16553
List the prime factors of 261755.
5, 13, 4027
List the prime factors of 1854868.
2, 463717
What are the prime factors of 1661958?
2, 3, 10259
List the prime factors of 268650.
2, 3, 5, 199
What are the prime factors of 2427981?
3, 503, 1609
List the prime factors of 14794155.
3, 5, 53, 6203
List the prime factors of 121080.
2, 3, 5, 1009
List the prime factors of 134626.
2, 83, 811
What are the prime factors of 22946286?
2, 3, 11, 347671
List the prime factors of 272747.
311, 877
What are the prime factors of 6310056?
2, 3, 163, 1613
What are the prime factors of 1941598?
2, 970799
What are the prime factors of 876152?
2, 109519
What are the prime factors of 1390106?
2, 151, 4603
List the prime factors of 6540727.
73, 89599
What are the prime factors of 988292?
2, 247073
List the prime factors of 5672989.
7, 810427
List the prime factors of 5691978.
2, 3, 105407
List the prime factors of 3389909.
821, 4129
List the prime factors of 1876429.
379, 4951
What are the prime factors of 701124?
2, 3, 58427
List the prime factors of 7987349.
181, 44129
What are the prime factors of 150205?
5, 11, 2731
List the prime factors of 186154.
2, 93077
List the prime factors of 39902.
2, 71, 281
List the prime factors of 6426405.
3, 5, 181, 263
List the prime factors of 166832.
2, 10427
List the prime factors of 209040.
2, 3, 5, 13, 67
List the prime factors of 12410292.
2, 3, 31, 73, 457
List the prime factors of 733649.
7, 311, 337
List the prime factors of 2011139.
13, 67, 2309
What are the prime factors of 443555?
5, 7, 19, 23, 29
What are the prime factors of 1768591?
11, 160781
What are the prime factors of 379942?
2, 271, 701
List the prime factors of 26813087.
7, 3830441
List the prime factors of 14528706.
2, 3, 2421451
List the prime factors of 170939.
47, 3637
List the prime factors of 2508969.
3, 19, 44017
List the prime factors of 91458.
2, 3, 5081
What are the prime factors of 167174?
2, 7, 11941
What are the prime factors of 9654051?
3, 11, 31, 9437
What are the prime factors of 1473625?
5, 11789
List the prime factors of 540111.
3, 11, 13, 1259
What are the prime factors of 1604267?
7, 229181
List the prime factors of 235531.
317, 743
List the prime factors of 654180.
2, 3, 5, 10903
List the prime factors of 449924.
2, 112481
List the prime factors of 225462.
2, 3, 53, 709
What are the prime factors of 18081658?
2, 7, 1291547
What are the prime factors of 1214426?
2, 607213
What are the prime factors of 938946?
2, 3, 156491
What are the prime factors of 223437?
3, 71, 1049
List the prime factors of 1275820.
2, 5, 7, 13, 701
List the prime factors of 8269243.
8269243
What are the prime factors of 9923436?
2, 3, 275651
What are the prime factors of 260800?
2, 5, 163
What are the prime factors of 1032418?
2, 516209
List the prime factors of 11690400.
2, 3, 5, 4871
List the prime factors of 5208265.
5, 1041653
List the prime factors of 230816.
2, 7213
What are the prime factors of 52362?
2, 3, 2909
List the prime factors of 2602542.
2, 3, 23, 18859
What are the prime factors of 1574811?
3, 7, 3571
What are the prime factors of 1594003?
59, 27017
What are the prime factors of 559868?
2, 139967
List the prime factors of 17770062.
2, 3, 2961677
What are the prime factors of 187609?
43, 4363
What are the prime factors of 3242620?
2, 5, 197, 823
List the prime factors of 84886.
2, 42443
List the prime factors of 3370940.
2, 5, 31, 5437
What are the prime factors of 150733?
11, 71, 193
What are the prime factors of 149078?
2, 131, 569
What are the prime factors of 88725?
3, 5, 7, 13
What are the prime factors of 35709136?
2, 2231821
List the prime factors of 2740415.
5, 548083
What are the prime factors of 242700?
2, 3, 5, 809
List the prime factors of 5645995.
5, 229, 4931
What are the prime factors of 38609241?
3, 11, 37, 103, 307
What are the prime factors of 440868?
2, 3, 36739
What are the prime factors of 306951?
3, 102317
List the prime factors of 6428744.
2, 7, 114799
What are the prime factors of 1774267?
11, 101, 1597
What are the prime factors of 2190981?
3, 13, 56179
What are the prime factors of 294348?
2, 3, 19, 1291
What are the prime factors of 776550?
2, 3, 5, 31, 167
What are the prime factors of 4908227?
281, 17467
List the prime factors of 2062981.
661, 3121
What are the prime factors of 1395801?
3, 11, 23, 613
What are the prime factors of 166225?
5, 61, 109
What are the prime factors of 7264768?
2, 7, 2027
List the prime factors of 22329807.
3, 19, 391751
What are the prime factors of 1285160?
2, 5, 19, 89
What are the prime factors of 4304313?
3, 13, 12263
List the prime factors of 130992.
2, 3, 2729
List the prime factors of 271520.
2, 5, 1697
What are the prime factors of 26246?
2, 11, 1193
List the prime factors of 855630.
2, 3, 5, 3169
What are the pri